nds digit of 613273?
1
What is the ten thousands digit of 1725727?
2
What is the hundred thousands digit of 286897?
2
What is the thousands digit of 2627863?
7
What is the hundred thousands digit of 2278028?
2
What is the tens digit of 11791456?
5
What is the tens digit of 4217362?
6
What is the hundred thousands digit of 194586?
1
What is the hundreds digit of 9649054?
0
What is the hundred thousands digit of 4253638?
2
What is the thousands digit of 41722?
1
What is the units digit of 365834?
4
What is the thousands digit of 2657235?
7
What is the units digit of 1257422?
2
What is the tens digit of 41334?
3
What is the tens digit of 420355?
5
What is the ten thousands digit of 2496410?
9
What is the hundreds digit of 29039572?
5
What is the tens digit of 43112?
1
What is the hundred thousands digit of 324608?
3
What is the tens digit of 2847256?
5
What is the units digit of 323653?
3
What is the hundreds digit of 201505?
5
What is the units digit of 4841365?
5
What is the tens digit of 62648?
4
What is the ten thousands digit of 1095055?
9
What is the units digit of 3622533?
3
What is the hundreds digit of 38736484?
4
What is the units digit of 3988?
8
What is the hundred thousands digit of 248466?
2
What is the thousands digit of 17941940?
1
What is the hundreds digit of 7597151?
1
What is the millions digit of 4631616?
4
What is the hundred thousands digit of 4421787?
4
What is the thousands digit of 2186194?
6
What is the tens digit of 20371128?
2
What is the units digit of 12150302?
2
What is the hundred thousands digit of 8215449?
2
What is the ten millions digit of 16962176?
1
What is the hundred thousands digit of 2399358?
3
What is the ten millions digit of 13115067?
1
What is the ten thousands digit of 51254?
5
What is the hundred thousands digit of 3370718?
3
What is the tens digit of 221611?
1
What is the thousands digit of 398815?
8
What is the ten thousands digit of 1525415?
2
What is the tens digit of 20485536?
3
What is the thousands digit of 2903438?
3
What is the hundred thousands digit of 1044461?
0
What is the thousands digit of 58528?
8
What is the hundred thousands digit of 566100?
5
What is the ten thousands digit of 172229?
7
What is the tens digit of 288264?
6
What is the ten thousands digit of 697793?
9
What is the tens digit of 880284?
8
What is the ten thousands digit of 87302?
8
What is the thousands digit of 167072?
7
What is the tens digit of 345056?
5
What is the hundreds digit of 90650?
6
What is the hundred thousands digit of 842862?
8
What is the tens digit of 10831638?
3
What is the hundred thousands digit of 197444?
1
What is the thousands digit of 679090?
9
What is the millions digit of 1495526?
1
What is the hundreds digit of 1911478?
4
What is the ten thousands digit of 1190134?
9
What is the hundreds digit of 1565807?
8
What is the ten thousands digit of 1151189?
5
What is the thousands digit of 638597?
8
What is the hundred thousands digit of 332478?
3
What is the units digit of 2400782?
2
What is the ten thousands digit of 5587665?
8
What is the tens digit of 901259?
5
What is the thousands digit of 76781?
6
What is the thousands digit of 5336800?
6
What is the millions digit of 5133256?
5
What is the ten millions digit of 23095017?
2
What is the units digit of 4717219?
9
What is the tens digit of 23274?
7
What is the tens digit of 183843?
4
What is the hundreds digit of 276152?
1
What is the tens digit of 5355?
5
What is the hundreds digit of 1765723?
7
What is the millions digit of 2698102?
2
What is the hundreds digit of 32097705?
7
What is the units digit of 2934?
4
What is the hundreds digit of 4558916?
9
What is the hundreds digit of 11306965?
9
What is the ten thousands digit of 1447529?
4
What is the hundreds digit of 838633?
6
What is the tens digit of 2908310?
1
What is the ten thousands digit of 885037?
8
What is the ten thousands digit of 891576?
9
What is the ten thousands digit of 56729?
5
What is the thousands digit of 51441?
1
What is the hundreds digit of 51733?
7
What is the units digit of 31023908?
8
What is the thousands digit of 106148?
6
What is the hundreds digit of 1113337?
3
What is the hundreds digit of 461956?
9
What is the tens digit of 117899?
9
What is the millions digit of 4522126?
4
What is the tens digit of 17496?
9
What is the hundreds digit of 799240?
2
What is the thousands digit of 1557046?
7
What is the ten thousands digit of 28056479?
5
What is the hundreds digit of 257140?
1
What is the hundred thousands digit of 734646?
7
What is the units digit of 117296?
6
What is the hundred thousands digit of 239988?
2
What is the millions digit of 12021843?
2
What is the thousands digit of 549785?
9
What is the thousands digit of 1610532?
0
What is the tens digit of 1399433?
3
What is the ten thousands digit of 557670?
5
What is the hundred thousands digit of 198356?
1
What is the ten thousands digit of 140129?
4
What is the ten thousands digit of 634241?
3
What is the ten thousands digit of 2900832?
0
What is the thousands digit of 1768241?
8
What is the tens digit of 24790?
9
What is the thousands digit of 349742?
9
What is the thousands digit of 7951082?
1
What is the ten thousands digit of 28214?
2
What is the hundreds digit of 104811?
8
What is the units digit of 3864792?
2
What is the hundreds digit of 147266?
2
What is the millions digit of 1440040?
1
What is the units digit of 158611?
1
What is the tens digit of 910415?
1
What is the units digit of 331184?
4
What is the tens digit of 10739985?
8
What is the tens digit of 8528737?
3
What is the hundreds digit of 2628021?
0
What is the hundred thousands digit of 3521221?
5
What is the ten thousands digit of 4557542?
5
What is the units digit of 1712851?
1
What is the tens digit of 292321?
2
What is the tens digit of 989422?
2
What is the ten thousands digit of 17313842?
1
What is the tens digit of 177051?
5
What is the ten thousands digit of 36821215?
2
What is the tens digit of 237227?
2
What is the tens digit of 2040110?
1
What is the millions digit of 1192543?
1
What is the ten thousands digit of 129621?
2
What is the thousands digit of 21855323?
5
What is the ten thousands digit of 501799?
0
What is the hundred thousands digit of 26177397?
1
What is the tens digit of 5409612?
1
What is the ten thousands digit of 2068739?
6
What is the hundreds digit of 3435707?
7
What is the hundreds digit of 459073?
0
What is the tens digit of 224551?
5
What is the ten thousands digit of 984242?
8
What is the tens digit of 47663?
6
What is the ten thousands digit of 91988?
9
What is the ten thousands digit of 8413216?
1
What is the ten thousands digit of 331451?
3
What is the thousands digit of 217341?
7
What is the thousands digit of 31409?
1
What is the thousands digit of 260673?
0
What is the units digit of 2805667?
7
What is the units digit of 2803860?
0
What is the thousands digit of 11052258?
2
What is the tens digit of 195161?
6
What is the millions digit of 4302201?
4
What is the millions digit of 1407353?
1
What is the hundred thousands digit of 269638?
2
What is the hundreds digit of 535989?
9
What is the thousands digit of 4136953?
6
What is the hundreds digit of 220553?
5
What is the thousands digit of 5725638?
5
What is the tens digit of 37488?
8
What is the hundred thousands digit of 377842?
3
What is the ten millions digit of 12525216?
1
What is the thousands digit of 1011891?
1
What is the ten thousands digit of 684741?
8
What is the thousands digit of 13139062?
9
What is the ten thousands digit of 14517?
1
What is the hundred thousands digit of 2958998?
9
What is the thousands digit of 187561?
7
What is the tens digit of 839115?
1
What is the tens digit of 19897?
9
What is the hundreds digit of 2422570?
5
What is the hundreds digit of 144207?
2
What is the thousands digit of 27745888?
5
What is the millions digit of 14523322?
4
What is the ten thousands digit of 4526720?
2
What is the ten thousands digit of 1471181?
7
What is the millions digit of 4242431?
4
What is the hundred thousands digit of 113217?
1
What is the hundreds digit of 12010869?
8
What is the hundred thousands digit of 3290053?
2
What is the hundred thousands digit of 573319?
5
What is the tens digit of 67393?
9
What is the tens digit of 1